ue
Is 422 a composite number?
True
Is 57083 a composite number?
True
Is 293071 composite?
False
Is 228049 composite?
False
Is 17957 a prime number?
True
Is 27791 composite?
False
Is 269891 a composite number?
False
Is 2311655 prime?
False
Is 75902 a composite number?
True
Is 4597 prime?
True
Is 11593 a prime number?
True
Is 295 a composite number?
True
Is 74377 composite?
False
Is 224057 a prime number?
True
Is 21389 composite?
True
Is 460133 a prime number?
False
Is 4481 prime?
True
Is 10453 composite?
False
Is 1521682 a composite number?
True
Is 11777 a composite number?
False
Is 21391 composite?
False
Is 66467 composite?
False
Is 1409 composite?
False
Is 817 a composite number?
True
Is 656221 a prime number?
True
Is 454673 prime?
True
Is 689345 composite?
True
Is 257581 a composite number?
True
Is 27847 prime?
True
Is 74023 a prime number?
False
Is 45281 composite?
False
Is 21833 a prime number?
False
Is 399473 prime?
True
Is 144523 a prime number?
False
Is 4831 prime?
True
Is 748453 a composite number?
False
Is 1056871 composite?
False
Is 126683 a prime number?
True
Is 9895 composite?
True
Is 63059 a composite number?
False
Is 41161 a prime number?
True
Is 68863 a composite number?
False
Is 15511 a composite number?
False
Is 211181 composite?
True
Is 6947 a prime number?
True
Is 4073 a prime number?
True
Is 813913 composite?
True
Is 10007 a composite number?
False
Is 327589 composite?
True
Is 466063 prime?
False
Is 1052027 prime?
True
Is 21919 a prime number?
False
Is 352855 prime?
False
Is 5017 composite?
True
Is 772073 a prime number?
True
Is 48955 a composite number?
True
Is 25067 a prime number?
False
Is 3274 a composite number?
True
Is 85427 composite?
False
Is 901 prime?
False
Is 65 composite?
True
Is 12653 prime?
True
Is 30146 composite?
True
Is 227237 a composite number?
True
Is 4887091 composite?
True
Is 69655 prime?
False
Is 22535 a composite number?
True
Is 26377 prime?
False
Is 15013 a composite number?
False
Is 67339 a composite number?
False
Is 34403 composite?
False
Is 41039 composite?
False
Is 11233 a composite number?
True
Is 22343 a prime number?
True
Is 4734947 composite?
True
Is 39647 prime?
False
Is 97 composite?
False
Is 1208769 prime?
False
Is 16013 a composite number?
True
Is 103893 a prime number?
False
Is 835927 a composite number?
False
Is 185939 composite?
True
Is 244199 a composite number?
False
Is 66713 a prime number?
True
Is 67299 a composite number?
True
Is 1096393 a composite number?
False
Is 212837 composite?
False
Is 28317 a prime number?
False
Is 16547 a prime number?
True
Is 681617 prime?
False
Is 1450973 a prime number?
False
Is 32887 a composite number?
False
Is 2662339 prime?
True
Is 29227 prime?
False
Is 175673 a composite number?
False
Is 586 a prime number?
False
Is 264697 prime?
True
Is 57221 composite?
False
Is 7795 prime?
False
Is 131618 a composite number?
True
Is 77791 composite?
True
Is 185479 composite?
True
Is 49703 a prime number?
False
Is 10133 a composite number?
False
Is 5273 a composite number?
False
Is 1529 a prime number?
False
Is 1329787 a prime number?
True
Is 33521 prime?
True
Is 2643 composite?
True
Is 210619 composite?
False
Is 77849 a prime number?
True
Is 81817 composite?
False
Is 138283 a prime number?
True
Is 352246 composite?
True
Is 13397 a composite number?
False
Is 67927 a composite number?
False
Is 1561 prime?
False
Is 586 composite?
True
Is 31517 composite?
False
Is 361993 prime?
True
Is 431345 composite?
True
Is 1176161 a composite number?
True
Is 82583 a composite number?
True
Is 265957 composite?
False
Is 5711 composite?
False
Is 165749 prime?
True
Is 8939 composite?
True
Is 2181 a prime number?
False
Is 42739 a prime number?
False
Is 5818 a prime number?
False
Is 24071 a composite number?
False
Is 6773 a composite number?
True
Is 5639 composite?
False
Is 88547 a composite number?
False
Is 29411 a prime number?
True
Is 89249 composite?
True
Is 58363 a prime number?
True
Is 83021 a prime number?
False
Is 54437 a prime number?
True
Is 174241 composite?
False
Is 32093 prime?
False
Is 3691 a composite number?
False
Is 2432498 a composite number?
True
Is 3209329 a prime number?
True
Is 122363 a composite number?
False
Is 379903 composite?
False
Is 11093 a composite number?
False
Is 10771 a composite number?
False
Is 943589 composite?
False
Is 1319 composite?
False
Is 3133 prime?
False
Is 29343 prime?
False
Is 156217 a composite number?
False
Is 88853 a prime number?
True
Is 16447 composite?
False
Is 92033 a composite number?
False
Is 78367 prime?
True
Is 438835 prime?
False
Is 106 a prime number?
False
Is 3949 composite?
True
Is 9897 a prime number?
False
Is 7627 a composite number?
True
Is 2599 composite?
True
Is 478951 prime?
False
Is 2039234 composite?
True
Is 19639 a composite number?
True
Is 8111 a composite number?
False
Is 53681 a prime number?
True
Is 99742 prime?
False
Is 5227 a composite number?
False
Is 8353 composite?
False
Is 8263 a composite number?
False
Is 16391 composite?
True
Is 2237 a prime number?
True
Is 51629 a composite number?
True
Is 1507 composite?
True
Is 1847 a composite number?
False
Is 153793 a composite number?
True
Is 9271 composite?
True
Is 154723 prime?
True
Is 145045 a composite number?
True
Is 50447 a composite number?
True
Is 1241741 composite?
False
Is 26434 prime?
False
Is 102149 a prime number?
True
Is 736399 a composite number?
False
Is 955663 composite?
True
Is 380621 a composite number?
False
Is 3611 a composite number?
True
Is 89891 prime?
True
Is 149 prime?
True
Is 443 a composite number?
False
Is 271231 a composite number?
False
Is 5381 prime?
True
Is 479351 a prime number?
False
Is 39659 composite?
False
Is 54613 composite?
True
Is 19531 a prime number?
True
Is 389381 prime?
True
Is 2304053 prime?
True
Is 10709 prime?
True
Is 29471 prime?
False
Is 1402651 composite?
True
Is 14101 prime?
False
Is 60493 a prime number?
True
Is 70051 composite?
False
Is 6686 prime?
False
Is 19405 composite?
True
Is 23857 composite?
False
Is 122099 prime?
True
Is 134551 composite?
True
Is 29383 a prime number?
True
Is 27397 prime?
True
Is 406301 a composite number?
True
Is 365837 a prime number?
True
Is 19121 composite?
False
Is 674903 prime?
True
Is 6547 a prime number?
True
Is 73469 composite?
True
Is 4979 composite?
True
Is 56483 prime?
False
Is 11113 a prime number?
True
Is 24657 a prime number?
False
Is 122443 a composite number?
False
Is 5471 prime?
True
Is 307511 composite?
False
Is 268439 prime?
True
Is 1171699 prime?
True
Is 22233 a composite number?
True
Is 7313 a composite number?
True
Is 41381 a prime number?
True
Is 4421 composite?
False
Is 84913 a prime number?
True
Is 17257 a prime number?
True
Is 24155 a composite number?
True
Is 908039 composite?
True
Is 27766 composite?
True
Is 1439 composite?
False
Is 3977 a composite number?
True
Is 157519 a prime number?
True
Is 477627 prime?
False
Is 88547 prime?
True
Is 73429 a composite number?
True
Is 1007 composite?
True
Is 175261 prime?
True
Is 62435 composite?
True
Is 600517 a composite number?
False
Is 826303 a composite number?
False
Is 1769 a prime number?
False
Is 3557 a composite number?
False
Is 68339 prime?
False
Is 138238 a prime number?
False
Is 31259 a composite number?
False
Is 16163 composite?
True
Is 32117 composite?
False
Is 9239 composite?
False
Is 34321 prime?
False
Is 66293 a prime number?
True
Is 61441 a prime number?
True
Is 8453 prime?
False
Is 145739 a composite number?
True
Is 105055 a prime number?
False
Is 4111 composite?
False
Is 21269 a composite number?
False
Is 2429 composite?
True
Is 589919 a prime number?
False
Is 3011 a prime number?
True
Is 14713 composite?
False
Is 390331 a composite number?
True
Is 27899 prime?
False
Is 1338581 composite?
False
Is 1968313 composite?
True
Is 311633 a prime number?
False
Is 397745 a prime number?
False
Is 497 composite?
True
Is 2122 a prime number?
False
Is 66741 a composite number?
True
Is 232961 prime?
True
Is 217 composite?
True
Is 154685 composite?
True
Is 3219683 composite?
True
Is 2893 a composite number?
True
Is 1740421 composite?
False
Is 200789 prime?
True
Is 671159 prime?
True
Is 140717 prime?
True
Is 52985 composite?
True
Is 233009 a composite number?
True
Is 37217 a composite number?
False
Is 2933 a p